a multiple of 550?
False
Is 267 a factor of 24778240?
False
Is 14 a factor of 122897012?
True
Does 100 divide 15668800?
True
Is 26563897 a multiple of 1090?
False
Does 888 divide 452620373?
False
Is 480494976 a multiple of 52?
True
Is 587597478 a multiple of 26?
True
Is 83353320 a multiple of 2049?
True
Does 166 divide 226484756?
True
Is 9 a factor of 4257386?
False
Does 5 divide 836348885?
True
Does 327 divide 1036366716?
False
Is 6147232 a multiple of 32?
True
Does 4 divide 370346842?
False
Does 24 divide 171455160?
True
Does 2090 divide 58561800?
True
Is 1700254673 a multiple of 251?
True
Does 2492 divide 1047156375?
False
Does 13 divide 5222701894?
False
Is 22 a factor of 78939353?
False
Is 1173831824 a multiple of 866?
True
Is 77359350 a multiple of 150?
True
Is 234 a factor of 235395342?
True
Does 1210 divide 3085115220?
True
Does 7 divide 7234502?
False
Does 98 divide 1477506898?
True
Is 5900 a factor of 2936843000?
True
Does 7 divide 158692002?
True
Is 101 a factor of 7483843?
False
Does 4612 divide 3613946934?
False
Is 11 a factor of 3580140394?
False
Does 91 divide 812614803?
True
Is 11333375 a multiple of 1636?
False
Does 1122 divide 53662957?
False
Is 119 a factor of 58873108?
True
Does 18 divide 23928286?
False
Is 1275032130 a multiple of 2193?
True
Does 370 divide 63370326?
False
Does 86 divide 626311168?
True
Is 20 a factor of 215940740?
True
Is 83085278 a multiple of 90?
False
Is 45 a factor of 728952393?
False
Does 875 divide 4575375?
True
Does 83 divide 50107017?
True
Is 427417328 a multiple of 13?
True
Is 11970525 a multiple of 151?
True
Does 3 divide 5921364?
True
Is 1289 a factor of 335631?
False
Is 42650548 a multiple of 12?
False
Is 102515436 a multiple of 9?
True
Is 1792 a factor of 635307716?
False
Does 132 divide 97139069?
False
Is 4 a factor of 10046739?
False
Is 1839400182 a multiple of 4413?
True
Is 2185 a factor of 189052894?
False
Is 434 a factor of 72375601?
False
Is 178 a factor of 36492136?
True
Is 208805674 a multiple of 432?
False
Does 43 divide 96779326?
True
Is 502279365 a multiple of 255?
True
Is 122 a factor of 49103292?
True
Does 16 divide 1973214640?
True
Does 3 divide 7547235?
True
Is 202648649 a multiple of 193?
True
Is 7707293 a multiple of 2?
False
Does 2216 divide 695210168?
True
Is 1059 a factor of 89118240?
False
Is 106908012 a multiple of 362?
True
Is 17 a factor of 1530057961?
False
Does 29 divide 404517810?
True
Does 918 divide 934909548?
False
Is 472 a factor of 921504233?
False
Does 11 divide 272854439?
True
Is 43 a factor of 594717606?
True
Is 248335769 a multiple of 17?
False
Is 4278 a factor of 3124800607?
False
Does 339 divide 14872686?
False
Is 4 a factor of 88930492?
True
Does 4 divide 40094488?
True
Is 1768472970 a multiple of 2886?
False
Is 47464763 a multiple of 571?
False
Does 685 divide 2890012?
False
Is 61 a factor of 12906807?
True
Is 22592228 a multiple of 11?
False
Is 81878238 a multiple of 9?
True
Is 27382230 a multiple of 57?
True
Does 24 divide 5119272?
True
Is 5 a factor of 493667170?
True
Does 1155 divide 180498674?
False
Is 78 a factor of 1379209370?
False
Is 1224902170 a multiple of 170?
False
Is 26021332 a multiple of 1402?
False
Is 427973713 a multiple of 8?
False
Is 11319234 a multiple of 9?
False
Is 226 a factor of 55780949?
False
Does 388 divide 2547961821?
False
Is 29 a factor of 11704280?
False
Is 4130736 a multiple of 145?
False
Is 36478208 a multiple of 16?
True
Is 154 a factor of 175577514?
False
Is 55406801 a multiple of 272?
False
Is 276 a factor of 53865334?
False
Does 10 divide 5259510?
True
Does 104 divide 276824666?
False
Is 168 a factor of 156378768?
True
Is 39 a factor of 34743480?
False
Does 251 divide 1078801012?
True
Is 1742272 a multiple of 16?
True
Is 6092 a factor of 146130258?
False
Is 32447712 a multiple of 11?
True
Does 62 divide 2162262789?
False
Does 154 divide 755199028?
False
Is 3279591857 a multiple of 122?
False
Is 1556574992 a multiple of 135?
False
Does 892 divide 599277712?
True
Is 3543554 even?
True
Is 539068736 a multiple of 16?
True
Does 19 divide 19277012?
False
Is 1581 a factor of 484119591?
True
Is 349975950 a multiple of 1530?
False
Is 10583 a factor of 5259698085?
True
Does 261 divide 44694756?
False
Is 103 a factor of 1510855?
False
Is 48 a factor of 120425724?
False
Is 24 a factor of 282951130?
False
Is 21726864 a multiple of 2?
True
Is 4 a factor of 18758632?
True
Is 134 a factor of 9052236?
True
Is 3074313 a multiple of 11?
True
Is 45 a factor of 170919526?
False
Is 73616868 a multiple of 1938?
True
Is 1463 a factor of 420474043?
False
Does 95 divide 182069062?
False
Is 15 a factor of 522288345?
True
Is 5472115 a multiple of 104?
False
Is 13 a factor of 20465809?
True
Is 1985355432 a multiple of 36?
True
Does 10 divide 8735686?
False
Is 18 a factor of 458902134?
True
Is 751 a factor of 3501162?
True
Is 91 a factor of 48327643?
True
Is 671 a factor of 1278435535?
False
Is 8384 a factor of 688504909?
False
Is 19174970 a multiple of 565?
True
Does 862 divide 926801712?
True
Is 849680595 a multiple of 4997?
False
Does 53 divide 28987025?
True
Does 16 divide 8369168?
True
Does 2311 divide 906928840?
True
Does 19 divide 58871203?
False
Is 317 a factor of 623077718?
False
Does 1740 divide 83553060?
True
Is 329380140 a multiple of 4562?
False
Does 156 divide 2052242684?
False
Is 3001538236 a multiple of 8414?
False
Is 21478932 a multiple of 162?
True
Does 18 divide 239449658?
False
Is 313234945 a multiple of 1411?
True
Does 19 divide 13624326?
False
Does 33 divide 945521060?
False
Is 74 a factor of 126635659?
False
Is 776 a factor of 10109252?
False
Does 131 divide 125574111?
True
Is 6583 a factor of 1636573298?
True
Is 1563320220 a multiple of 110?
True
Does 16 divide 224640096?
True
Is 27498092 a multiple of 1028?
False
Is 10306043 a multiple of 11?
True
Is 37240933 a multiple of 23?
True
Is 659 a factor of 57756865?
False
Is 359680839 a multiple of 1037?
False
Does 1146 divide 537925524?
True
Does 332 divide 780191507?
False
Is 78 a factor of 45234072?
True
Does 99 divide 81834636?
False
Does 1089 divide 483814386?
True
Is 266302189 a multiple of 340?
False
Is 68065634 a multiple of 9?
False
Does 17 divide 155396048?
True
Does 198 divide 29580302?
False
Is 28 a factor of 30707040?
True
Does 8352 divide 475078464?
True
Does 814 divide 28550270?
False
Is 2112 a factor of 20439936?
True
Is 95 a factor of 10812097?
False
Is 3410645400 a multiple of 850?
True
Does 182 divide 2043636989?
False
Does 9 divide 19798839?
True
Is 3 a factor of 44251643?
False
Is 696 a factor of 464802024?
True
Is 332325767 a multiple of 27?
False
Is 1819104434 a multiple of 4928?
False
Does 18 divide 60168366?
True
Is 520697129 a multiple of 31?
False
Is 521316669 a multiple of 18?
False
Is 40 a factor of 160368160?
True
Is 62183360 a multiple of 10?
True
Is 34703101 a multiple of 9?
False
Does 94 divide 34808688?
False
Is 764638258 a multiple of 2890?
False
Does 23 divide 26212139?
False
Does 3000 divide 287160000?
True
Does 32 divide 883274336?
True
Does 60 divide 10898940?
True
Is 63720480 a multiple of 40?
True
Does 894 divide 558549744?
True
Does 205 divide 5853594955?
False
Is 17366160 a multiple of 168?
True
Does 1626 divide 194898838?
False
Is 123606904 a multiple of 3257?
False
Does 354 divide 28967820?
True
Is 118843092 a multiple of 10?
False
Does 209 divide 208987520?
False
Is 105 a factor of 783715088?
False
Is 11 a factor of 12694166?
False
Is 736442952 a multiple of 34?
False
Does 11 divide 92172146?
True
Is 105424600 a multiple of 25?
True
Does 12 divide 47062884?
True
Is 3782 a factor of 855537566?
True
Is 196 a factor of 628037116?
True
Does 60 divide 6079020?
True
Is 48304671 a multiple of 9?
False
Is 27 a factor of 219631446?
True
Is 116790437 a multiple of 1362?
False
Is 13665697 a multiple of 89?
False
Does 868 divide 5222756?
True
Does 329 divide 169708070?
True
Does 484 divide 7968092?
True
Is 31605947 a multiple of 156?
False
Is 579164752 a multiple of 2?
True
Is 18 a factor of 8653968?
True
Is 6 a factor of 455638314?
True
Is 147056400 a multiple of 174?
False
Is 780822695 a multiple of 1031?
True
Is 3 a factor of 863933664?
True
Is 23 a factor of 2783569?
False
Is 9 a factor of 49383810?
True
Does 5 divide 3472190?
True
Do